j(r) be the second derivative of r**5/20 - r**3/6 - r**2 - 9*r. Determine j(x).
4
Let b = -12 + 14. Let y(w) = 1. Let m(h) = 3*h - 9. Let i(z) = m(z) + 9*y(z). Calculate i(b).
6
Let l(t) = -2. Let y(f) = f + 7. Let w(v) = 4*l(v) + y(v). Suppose j - 3*j + 12 = 0. Let s be j*2/4 + -3. Calculate w(s).
-1
Suppose -7*y = -5*s - 5*y + 9, -5*y + 12 = -s. Let t(h) = 3*h. What is t(s)?
9
Let r(l) = l + 2. Suppose -14 + 8 = 2*k. Let p be k*(-2 + (-40)/(-12)) + 1. What is r(p)?
-1
Let j(q) = q**3 - 8*q**2 + q - 10. Let t be ((-12)/(-15))/(8*5/400). Give j(t).
-2
Let n(p) be the third derivative of -p**4/6 - p**3/2 - 416*p**2. What is n(-3)?
9
Let o(v) = -2 - 50*v**2 + 1 - 10*v + 51*v**2. Calculate o(10).
-1
Suppose 5 = -7*c + 5. Let s be (-2 + c)*(3 - (-10)/(-4)). Let j(b) = -6*b**2 - 2*b - 1. Determine j(s).
-5
Suppose 5*s - 4*s - 9 = 0. Suppose s*f = 10*f. Let g = f - 4. Let c(a) = a + 6. What is c(g)?
2
Let d(t) = t**3 + 10*t**2 + 9*t + 6. Let s be d(-9). Let l be (12/27)/(s/27). Let r(f) = -15*f + f**2 + 7*f + 12*f - l. Determine r(-5).
3
Let y(s) = -3*s**2 + 4*s + 5. Let o(v) = v**3 - 48*v**2 - 48*v - 45. Let q be o(49). Calculate y(q).
-27
Let o = 70 - 71. Let u(j) = j**2 - 1. Let w(b) = -6*b + 1. Let c(g) = o*u(g) + w(g). What is c(-3)?
11
Let y be (-10 + 12)/(4/(-6)). Let m(j) = -j**2 - 2*j - 1. Let w be m(y). Let k(z) = -3*z + 2. Calculate k(w).
14
Let h(q) be the second derivative of q**3/6 - 9*q**2/2 + 226*q. Give h(-7).
-16
Let h(t) = t + 2. Let g be 3/(-15) - 51/(-5). Let n(m) = -3*m - 7. Let u be n(-4). Suppose u*v + g = 5. Give h(v).
1
Suppose 0 = 4*l + d - 3 - 6, -2*l + d = 3. Let q(a) be the second derivative of 8*a - 1/2*a**2 + 1/6*a**3 - 1/6*a**4 + 0. Give q(l).
-2
Let a(y) = -y**2 + 10*y + 17. Let q be a(11). Suppose 0 = 3*t - q, -4*m + 21 = 2*t + 1. Let x(n) = 1 + 3*n + 5*n**3 - 3*n**3 - 3*n**3 + 3*n**2. What is x(m)?
-3
Let d(q) = q**2 - 4*q - 4. Let l be (-54)/(-45) - 2/10. Let t(x) = 4*x**3 - 3*x**2 + 4*x - 1. Let v be t(l). Determine d(v).
-4
Let p(l) = 3*l - 8. Let d be (4/2 + -5)*(3 - 5). What is p(d)?
10
Let b(z) be the first derivative of -z**4/4 - 11*z**3/3 + 7*z**2 + 16*z + 181. Give b(-12).
-8
Suppose 0 = -3*d + 8 + 4. Let s(y) = -d + 25*y - 16*y - 11*y. Determine s(-3).
2
Let d(z) be the first derivative of -40 + 2*z**2 - 4*z + 1/3*z**3. Let o = -15 + 11. Calculate d(o).
-4
Let i(y) be the second derivative of y**3/6 + 5*y**2/2 - 22*y - 3. What is i(-13)?
-8
Let f(d) = 52*d - 6. Let y(w) = w - 2. Let b(t) = f(t) - 3*y(t). What is b(-1)?
-49
Let n(k) = k**2 - 18*k + 73. Let x be n(6). Let v be x/(-2) - (-30)/12. Let o(r) be the first derivative of -2*r**3/3 + r**2 + 1. Calculate o(v).
-4
Suppose 18 = -i - 3*g, -20 = 2*i - 6*g + 8*g. Let q(n) = -n**3 - 8*n**2 - 4*n - 1. Determine q(i).
-49
Let r(i) = -2*i**2 - 5*i + 1. Suppose 3*s = -0 - 3. Let u = 1 - 5. Let t be u*s/2*-2. Give r(t).
-11
Let d(p) = 2*p**2 + 14*p - 12. Let k be (3 + 9 + 0)/((-6)/4). Give d(k).
4
Let s(f) be the second derivative of -f**3/3 - 3*f**2/2 - 3*f. Suppose 13 = -4*v + 1. Let g = v + 0. Give s(g).
3
Let r(x) = -x**3 - 9*x**2 - x + 12. Let p be 26/(-3) + (-4)/12. Calculate r(p).
21
Let l(g) = g**3 - 7*g**2 + 10*g - 6. Suppose 0 = 2*t - 13*n + 12*n - 19, 5*t + n = 30. Determine l(t).
64
Suppose -u - 13*u = -1232. Let r = 90 - u. Let k(t) = 2*t + 2. Calculate k(r).
6
Let t = 0 - 6. Let r(b) = -b - 2. Let u be r(t). Suppose -5*y - 2*x + 21 = 0, -5*x = -11 - u. Let a(j) = j**3 - j**2 - 3*j - 1. What is a(y)?
8
Let u = 389 - 393. Let k(p) = 3*p + 11. Determine k(u).
-1
Let q(o) = 92 - 3*o - 81 + 0*o + 0*o. Determine q(4).
-1
Let n(m) = 12*m. Let r = 1732 - 1729. Calculate n(r).
36
Suppose -36*t = -27*t + 54. Let q(j) = j**3 + 7*j**2 + 4*j - 4. Calculate q(t).
8
Let w(d) = -d**2 - 7*d + 4. Let g(t) = t**2 + 7*t - 5. Let o(u) = 3*g(u) + 4*w(u). Let f be 42/(-147) + (-47)/7. Determine o(f).
1
Let v(c) = 3*c + 9. Let x(m) = -m**2 + 4*m - 7. Let r(a) = -a + 2. Let o(q) = 6*r(q) - x(q). Let n be o(5). Calculate v(n).
-9
Let w(p) be the second derivative of -2*p**3/3 - 5*p**2 + 85*p. Determine w(-4).
6
Let z(w) be the third derivative of w**6/120 - w**5/6 + 5*w**4/24 - w**3 + 108*w**2 - 3. Calculate z(10).
44
Let j(a) be the third derivative of -a**5/20 + a**4/3 - a**3/6 - a**2 + 67*a. Calculate j(3).
-4
Let o(d) = d**3 - 9*d**2 - 2*d + 12. Let q be o(9). Let w(m) = -5*m - 3. Let z(k) = 12*k + 8. Let s(v) = 5*w(v) + 2*z(v). Calculate s(q).
7
Suppose 0 = -4*n - 2*o + 28, -3*o + 20 = 8. Suppose 12*w - n = 11*w. Let d(t) = 7*t - 3. Give d(w).
32
Let u(y) = 9*y**3 - 11*y**2 - 4*y + 13. Let o(x) = 4*x**3 - 5*x**2 - 2*x + 6. Let d(p) = 7*o(p) - 3*u(p). What is d(3)?
6
Let j(l) = -2*l**2 + 1. Suppose 0 = -18*u + 19*u + 1. Calculate j(u).
-1
Let u(v) = -v**2 + 3*v - 2. Suppose -2*o = 5*w - 19, 0 = -4*w - 5*o + 33 - 11. Calculate u(w).
-2
Suppose -5*d = -5*x - 4 + 9, -2*x + 7 = -3*d. Suppose 3*g + 1 - 16 = 0. Let c(m) = -4*m**2 - 2*m + 9*m + 6 + g*m**2. Calculate c(x).
-6
Let k(l) = l**3 - 9*l**2 + 3*l - 22. Let m be k(9). Suppose 5*n - 6 = 3*n - m*u, -n = 4*u - 6. Let w(g) = g**3 + 0*g - 3*g - g - 3 - 2*g**2. Calculate w(n).
-11
Let v(s) = -16. Let n(k) = -k + 22. Let y(g) = 4*n(g) + 5*v(g). What is y(6)?
-16
Let o(v) = -2*v - 1. Let a(f) = -3*f - 10. Let k be a(-3). What is o(k)?
1
Let w(z) be the first derivative of z**5/20 - z**4/12 - z**3/6 - z**2 + 2*z - 6. Let i(v) be the first derivative of w(v). Give i(2).
0
Let h(a) = -5*a**2 - 32*a - 10. Let f(d) = -14*d**2 - 93*d - 27. Let p(s) = 6*f(s) - 17*h(s). Determine p(11).
-25
Let x(i) be the third derivative of i**6/720 - 11*i**4/12 - 6*i**2. Let q(w) be the second derivative of x(w). Determine q(-1).
-1
Let m(l) = 2*l**2 - 2 - 67*l**3 + 0 - l - l + 66*l**3 + 8*l. Suppose 2*r = -3*r. Suppose r = -3*q - 0*q + 12. Determine m(q).
-10
Let p be (-224)/168 - 25/(-3). Let k(y) = -2*y**3 + 13*y**2 + 9*y + 6. Calculate k(p).
20
Let f(n) be the second derivative of -n**5/60 + 7*n**4/24 - n**3 - 19*n**2/2 + 2*n. Let q(j) be the first derivative of f(j). Give q(4).
6
Let l(i) be the second derivative of -i**5/20 + i**4/6 + 7*i**3/6 - 9*i**2/2 + 4*i - 2. Determine l(4).
-13
Let n(o) = o**3 + 6*o**2 - 6. Let s = 8 + -5. Suppose -s*h = -0*h + 24. Let v = h + 2. What is n(v)?
-6
Let f = -40 + 46. Let t(s) = -2 + 2*s + s**2 + 4*s - f*s. Give t(-3).
7
Let o be (-2)/(-2) + (0 - 0). Let b(k) = -7*k**2 - k + 1. Let w(f) = f**2 + f - 1. Let h(m) = o*b(m) + w(m). What is h(-1)?
-6
Let o(y) = -y**3 + 4*y**2 + 5*y + 1. Let d be o(4). Let x = d + -24. Let i(t) be the third derivative of -t**4/12 + t**3/3 - t**2. What is i(x)?
8
Suppose -3*a + 3*x + 140 + 100 = 0, 3*x = 2*a - 157. Let h(l) = a*l**2 + l - 2*l**3 + 2*l**3 - 75*l**2 + 10 + l**3. Calculate h(-8).
2
Let a(x) = x**3 + 6*x**2 + 6*x + 5. Let g be a(-5). Let p(h) = g + 2 - 10*h - 2 - 1. Suppose 0 = 3*j - j + 2. What is p(j)?
9
Let u(q) = -q - 2. Let f be 7 + 1 + -4 - 1. Suppose 2*h + 7 = -b, -h = -f*h - 4. Determine u(b).
1
Let i(m) be the second derivative of 1/2*m**2 + 9*m - 1/6*m**3 + 0. Determine i(3).
-2
Let h = 36 - 41. Let p(m) = -m**2 - 6*m - 1. Let t be p(h). Let c(f) = 1 + 6*f**2 - 4*f**2 + 2*f - 3*f**2. Determine c(t).
-7
Suppose 0 = -20*k + 66*k + 184. Let n(f) = -f - 3. Determine n(k).
1
Let l(x) = x**2 + 11*x - 9. Let i = 563 + -575. Determine l(i).
3
Let n(a) = -a**2 - 7*a - 7. Let h(s) = 4*s**2 + 28*s + 30. Let b(l) = -2*h(l) - 9*n(l). Suppose 4*d + 30 = -d. Determine b(d).
-3
Let z(g) = -g. Let h(n) = -4*n - 1. Let l(r) = h(r) - 3*z(r). Let t(b) = b. Let m(u) = 2*l(u) + 5*t(u). Determine m(2).
4
Let n(m) = -3*m**2 - 3*m - 6. Let d(y) = y**2 + y + 1. Let b(p) = 4*d(p) + n(p). What is b(0)?
-2
Let i(l) = l + 5. Let n(v) be the second derivative of -v**2/2 + 8*v. Suppose 0 = -2*u + 5*q + 7, 5*u + 3*q - 6 = 4*q. Let k(t) = u*i(t) + 4*n(t). Give k(-6).
-5
Suppose 5*u + 30 = 5*b + 5, -15 = 3*u + 2*b. Suppose -3*d = d - 12, -2*d = 5*y - 41. Let r(g) = -6*g + 2*g - y*g**2 + 6*g**2 + 5 - 3. Determine r(u).
-3
Suppose 0 = -p - k - 2, p - 4*p + 2 = k. Let b(s) = 21*s**3 - s - 6*s**3 + 2*s**p - 12*s**3. Calculate b(1).
4
Suppose 0 = -19*a + 13*a + 12. Let r(f) = -6*f + 2. Give r(a).
-10
Suppose 2*l - h = 3, -2 = -2*l - 0*h + 2*h. Let w(g) = -2*g**2 + 8*g**2 - g**3 - 8*g**2 -